 is the remainder when 1949 is divided by 75?
74
What is the remainder when 165 is divided by 79?
7
What is the remainder when 1449 is divided by 91?
84
What is the remainder when 215 is divided by 23?
8
What is the remainder when 1242 is divided by 63?
45
Calculate the remainder when 14098 is divided by 150.
148
Calculate the remainder when 353 is divided by 71.
69
Calculate the remainder when 106 is divided by 33.
7
Calculate the remainder when 365 is divided by 318.
47
Calculate the remainder when 260 is divided by 124.
12
What is the remainder when 595 is divided by 531?
64
What is the remainder when 205 is divided by 16?
13
What is the remainder when 1740 is divided by 26?
24
What is the remainder when 1197 is divided by 10?
7
What is the remainder when 86 is divided by 34?
18
Calculate the remainder when 4852 is divided by 24.
4
Calculate the remainder when 3076 is divided by 81.
79
What is the remainder when 193 is divided by 104?
89
Calculate the remainder when 276 is divided by 96.
84
What is the remainder when 124 is divided by 23?
9
Calculate the remainder when 130 is divided by 40.
10
Calculate the remainder when 128 is divided by 112.
16
Calculate the remainder when 250 is divided by 87.
76
What is the remainder when 5942 is divided by 145?
142
Calculate the remainder when 323 is divided by 106.
5
What is the remainder when 211 is divided by 27?
22
What is the remainder when 1870 is divided by 615?
25
What is the remainder when 1606 is divided by 35?
31
What is the remainder when 2343 is divided by 81?
75
Calculate the remainder when 2901 is divided by 63.
3
What is the remainder when 3311 is divided by 145?
121
Calculate the remainder when 529 is divided by 19.
16
What is the remainder when 892 is divided by 296?
4
What is the remainder when 112 is divided by 39?
34
Calculate the remainder when 149 is divided by 74.
1
What is the remainder when 118 is divided by 110?
8
What is the remainder when 2025 is divided by 14?
9
What is the remainder when 59 is divided by 7?
3
Calculate the remainder when 4218 is divided by 21.
18
Calculate the remainder when 27 is divided by 24.
3
Calculate the remainder when 78 is divided by 47.
31
Calculate the remainder when 2066 is divided by 90.
86
Calculate the remainder when 163 is divided by 63.
37
Calculate the remainder when 414 is divided by 8.
6
Calculate the remainder when 73 is divided by 32.
9
Calculate the remainder when 76 is divided by 56.
20
Calculate the remainder when 244 is divided by 15.
4
What is the remainder when 373 is divided by 177?
19
Calculate the remainder when 18903 is divided by 19.
17
What is the remainder when 207 is divided by 111?
96
Calculate the remainder when 162 is divided by 75.
12
What is the remainder when 433 is divided by 36?
1
What is the remainder when 45 is divided by 40?
5
Calculate the remainder when 3 is divided by 1.
0
What is the remainder when 107 is divided by 27?
26
Calculate the remainder when 179 is divided by 14.
11
Calculate the remainder when 528 is divided by 46.
22
Calculate the remainder when 57 is divided by 22.
13
What is the remainder when 8669 is divided by 147?
143
Calculate the remainder when 1954 is divided by 23.
22
What is the remainder when 128 is divided by 65?
63
What is the remainder when 17 is divided by 4?
1
Calculate the remainder when 121 is divided by 100.
21
Calculate the remainder when 341 is divided by 19.
18
Calculate the remainder when 1728 is divided by 7.
6
What is the remainder when 623 is divided by 70?
63
Calculate the remainder when 4265 is divided by 18.
17
Calculate the remainder when 223 is divided by 45.
43
What is the remainder when 110 is divided by 32?
14
What is the remainder when 29219 is divided by 281?
276
What is the remainder when 575 is divided by 186?
17
What is the remainder when 4232 is divided by 51?
50
Calculate the remainder when 209 is divided by 56.
41
What is the remainder when 3342 is divided by 88?
86
Calculate the remainder when 1854 is divided by 8.
6
What is the remainder when 217 is divided by 34?
13
What is the remainder when 223 is divided by 23?
16
What is the remainder when 3639 is divided by 1213?
0
Calculate the remainder when 631 is divided by 218.
195
What is the remainder when 1842 is divided by 15?
12
What is the remainder when 1544 is divided by 263?
229
What is the remainder when 217 is divided by 81?
55
What is the remainder when 19544 is divided by 11?
8
What is the remainder when 5458 is divided by 127?
124
Calculate the remainder when 229 is divided by 13.
8
Calculate the remainder when 82 is divided by 61.
21
What is the remainder when 158 is divided by 32?
30
What is the remainder when 339 is divided by 113?
0
Calculate the remainder when 140 is divided by 84.
56
What is the remainder when 183 is divided by 64?
55
Calculate the remainder when 3691 is divided by 112.
107
Calculate the remainder when 133 is divided by 71.
62
Calculate the remainder when 367 is divided by 53.
49
What is the remainder when 474 is divided by 15?
9
Calculate the remainder when 129 is divided by 33.
30
What is the remainder when 461 is divided by 458?
3
Calculate the remainder when 87 is divided by 39.
9
What is the remainder when 457 is divided by 27?
25
What is the remainder when 122 is divided by 10?
2
What is the remainder when 1285 is divided by 56?
53
Calculate the remainder when 6971 is divided by 21.
20
What is the remainder when 10988 is divided by 37?
36
What is the remainder when 1496 is divided by 16?
8
Calculate the remainder when 5581 is divided by 930.
1
What is the remainder when 169 is divided by 56?
1
What is the remainder when 49 is divided by 46?
3
What is the remainder when 727 is divided by 104?
103
What is the remainder when 94 is divided by 20?
14
Calculate the remainder when 1968 is divided by 9.
6
Calculate the remainder when 144 is divided by 37.
33
What is the remainder when 83 is divided by 17?
15
What is the remainder when 333 is divided by 86?
75
What is the remainder when 1542 is divided by 109?
16
Calculate the remainder when 751 is divided by 185.
11
What is the remainder when 156 is divided by 43?
27
Calculate the remainder when 2174 is divided by 66.
62
Calculate the remainder when 768 is divided by 22.
20
Calculate the remainder when 788 is divided by 24.
20
What is the remainder when 519 is divided by 21?
15
What is the remainder when 125 is divided by 122?
3
Calculate the remainder when 2582 is divided by 34.
32
What is the remainder when 117 is divided by 44?
29
What is the remainder when 7165 is divided by 7?
4
Calculate the remainder when 746 is divided by 44.
42
Calculate the remainder when 70 is divided by 11.
4
What is the remainder when 205 is divided by 82?
41
Calculate the remainder when 614 is divided by 41.
40
Calculate the remainder when 11 is divided by 1.
0
Calculate the remainder when 1231 is divided by 104.
87
Calculate the remainder when 224 is divided by 12.
8
Calculate the remainder when 8357 is divided by 12.
5
What is the remainder when 49 is divided by 26?
23
What is the remainder when 124 is divided by 53?
18
Calculate the remainder when 315 is divided by 217.
98
What is the remainder when 119 is divided by 41?
37
What is the remainder when 7159 is divided by 550?
9
Calculate the remainder when 80 is divided by 19.
4
What is the remainder when 985 is divided by 54?
13
What is the remainder when 828 is divided by 129?
54
What is the remainder when 375 is divided by 62?
3
Calculate the remainder when 506 is divided by 128.
122
What is the remainder when 18627 is divided by 13?
11
What is the remainder when 92 is divided by 41?
10
Calculate the remainder when 296 is divided by 136.
24
What is the remainder when 10 is divided by 1?
0
Calculate the remainder when 2047 is divided by 340.
7
What is the remainder when 92 is divided by 16?
12
What is the remainder when 426 is divided by 267?
159
What is the remainder when 634 is divided by 64?
58
What is the remainder when 888 is divided by 610?
278
What is the remainder when 121 is divided by 25?
21
What is the remainder when 479 is divided by 115?
19
Calculate the remainder when 40 is divided by 14.
12
Calculate the remainder when 748 is divided by 30.
28
Calculate the remainder 